se
Is 10665815221 prime?
True
Is 17875553237 a composite number?
False
Is 66466551139 composite?
False
Is 62829574837 a composite number?
True
Is 2034039911 composite?
False
Is 13772588119 a prime number?
False
Is 34011902279 composite?
False
Is 1296399739 a prime number?
False
Is 11450349049 a prime number?
False
Is 60002304853 a composite number?
True
Is 50644141523 a prime number?
True
Is 3851637329 composite?
True
Is 40149227557 a composite number?
False
Is 9560492527 prime?
False
Is 5805565 composite?
True
Is 60259539203 prime?
True
Is 14965124323 a prime number?
True
Is 14025010709 a composite number?
False
Is 31332691673 composite?
False
Is 43534674661 a composite number?
False
Is 5732589458 prime?
False
Is 4520741291 prime?
False
Is 2042325541 a prime number?
True
Is 21989489411 composite?
True
Is 99690373 prime?
False
Is 1480831001 composite?
True
Is 21244064561 prime?
True
Is 4864838323 a composite number?
False
Is 75983276933 prime?
True
Is 379360693 a composite number?
False
Is 6408409929 composite?
True
Is 540801977 a prime number?
False
Is 8621448513 a prime number?
False
Is 1054459463 a prime number?
True
Is 55363393 a composite number?
True
Is 25954705877 prime?
True
Is 25435578769 a composite number?
True
Is 2748716843 a composite number?
True
Is 1765163389 a composite number?
True
Is 2225321947 composite?
True
Is 614101063 composite?
False
Is 141015544807 a composite number?
False
Is 21593383141 composite?
True
Is 8876497967 a composite number?
False
Is 50958994189 a composite number?
True
Is 31747293953 composite?
True
Is 1403687899 a prime number?
False
Is 40755454351 a prime number?
True
Is 1401033743 a prime number?
True
Is 424314467 prime?
True
Is 4022632697 prime?
False
Is 16304655943 a prime number?
True
Is 6621105347 prime?
True
Is 1456332307 composite?
True
Is 6781835839 a prime number?
False
Is 5764791595 composite?
True
Is 15274243 a composite number?
False
Is 91501820383 a composite number?
False
Is 22922955127 prime?
True
Is 365200351393 a composite number?
False
Is 203231832215 prime?
False
Is 2223641467 composite?
True
Is 24799115623 composite?
False
Is 4729582951 a composite number?
False
Is 1742319861 a composite number?
True
Is 12632613109 a composite number?
True
Is 17485461053 prime?
False
Is 10632967601 prime?
True
Is 31416406393 a prime number?
True
Is 198121841 a composite number?
False
Is 330877702 a prime number?
False
Is 20858195221 composite?
False
Is 183790586939 composite?
False
Is 1647029323 prime?
True
Is 44997316107 prime?
False
Is 24846564641 a composite number?
False
Is 98565067 a prime number?
False
Is 127593677 a prime number?
False
Is 13893996313 prime?
True
Is 2286948779 composite?
False
Is 5796392417 a prime number?
False
Is 69181975699 a prime number?
False
Is 3433661813 a composite number?
True
Is 3905834923 a prime number?
True
Is 557959429 composite?
False
Is 2509538741 composite?
True
Is 10130016691 composite?
False
Is 323006353 composite?
True
Is 3067792283 prime?
True
Is 45823730159 prime?
True
Is 179147617197 composite?
True
Is 2368030571 a composite number?
False
Is 685791173 a prime number?
False
Is 206436449 composite?
True
Is 8299029803 composite?
False
Is 1670491087 composite?
False
Is 2613438199 a composite number?
False
Is 949961789 a prime number?
False
Is 23294385229 prime?
True
Is 953354774 composite?
True
Is 2835722182 composite?
True
Is 38791609391 a composite number?
True
Is 807358439 a prime number?
True
Is 14184775817 a composite number?
False
Is 14658203569 a prime number?
True
Is 3830291533 prime?
True
Is 92111985767 a prime number?
False
Is 1279755707 composite?
False
Is 9755442157 a composite number?
True
Is 17466769631 a composite number?
False
Is 31385153 composite?
False
Is 13031956199 a prime number?
False
Is 3638971361 a composite number?
True
Is 604216051 prime?
True
Is 955673897 prime?
False
Is 4724166003 a prime number?
False
Is 28560581569 prime?
False
Is 383878193 prime?
False
Is 31161727 a composite number?
True
Is 33963064703 composite?
False
Is 248354195 a composite number?
True
Is 36036043 a composite number?
True
Is 324102631 prime?
False
Is 40895340181 a prime number?
False
Is 1578148133 a prime number?
False
Is 259996757 composite?
True
Is 40023616253 prime?
False
Is 42118759927 a composite number?
True
Is 32757019 a prime number?
False
Is 154005247437 a composite number?
True
Is 154017563 composite?
True
Is 37073806109 a prime number?
True
Is 158443487797 a composite number?
True
Is 68216720141 prime?
False
Is 22285774111 composite?
False
Is 3926762327 a prime number?
False
Is 2062580173 a prime number?
True
Is 50627761601 a prime number?
True
Is 1434821963 prime?
False
Is 605210719 composite?
False
Is 12020288167 prime?
False
Is 62108361677 a composite number?
True
Is 4888688029 prime?
True
Is 751363157 composite?
False
Is 3917634817 a composite number?
False
Is 107025419 prime?
False
Is 11850053647 a composite number?
True
Is 146194831 prime?
False
Is 8012074073 composite?
False
Is 225528599 prime?
True
Is 1857625661 composite?
False
Is 176661547 prime?
True
Is 664104383 composite?
True
Is 32723137313 prime?
True
Is 166402501 a prime number?
True
Is 14229783653 a prime number?
True
Is 20335697101 composite?
False
Is 29241958307 composite?
False
Is 18688780997 composite?
False
Is 19788061 composite?
False
Is 257805701 a composite number?
False
Is 673481587 a composite number?
True
Is 31053922799 a composite number?
False
Is 3707418821 a composite number?
False
Is 659394727 a composite number?
True
Is 1023397503 a composite number?
True
Is 23058423649 composite?
True
Is 5834370901 a composite number?
False
Is 15099483779 a composite number?
False
Is 164681381 prime?
True
Is 244648297 composite?
False
Is 349730333 a prime number?
True
Is 2272723957 prime?
False
Is 1096332235 a composite number?
True
Is 186380611 a prime number?
True
Is 394128473 prime?
False
Is 5434817491 composite?
False
Is 477795797 a prime number?
True
Is 6249564077 composite?
False
Is 1403807431 a prime number?
False
Is 8056770178 a prime number?
False
Is 16722089213 a composite number?
False
Is 575543219 prime?
True
Is 1515400027 prime?
False
Is 2789159939 prime?
True
Is 2700558671 a composite number?
False
Is 1311844147 prime?
False
Is 172942291 prime?
False
Is 7672780523 a prime number?
False
Is 56574976259 prime?
True
Is 20006012041 prime?
False
Is 399073981 composite?
False
Is 1454292843 composite?
True
Is 6230140747 a prime number?
False
Is 215033043 a composite number?
True
Is 313502263 prime?
False
Is 1163869969 prime?
True
Is 52769090147 a composite number?
False
Is 7776921377 composite?
False
Is 69683312717 prime?
False
Is 2315917685 a composite number?
True
Is 14066751961 a composite number?
False
Is 594778697 a composite number?
False
Is 296545881 a prime number?
False
Is 5174892799 a composite number?
False
Is 16559264549 a prime number?
True
Is 1473961327 prime?
False
Is 11696659541 a composite number?
True
Is 21719689687 a prime number?
True
Is 2670216463 prime?
True
Is 4431876791 a composite number?
False
Is 683993446 composite?
True
Is 9637743691 a prime number?
True
Is 13712816661 a composite number?
True
Is 579958919 prime?
False
Is 24193622177 a composite number?
True
Is 298787561 composite?
False
Is 5038783235 composite?
True
Is 3382623701 prime?
True
Is 53579331361 a composite number?
True
Is 14390712761 composite?
True
Is 623505937 a composite number?
True
Is 4555484119 a prime number?
False
Is 1749734411 a composite number?
False
Is 151555155823 a composite number?
True
Is 976884919 prime?
False
Is 132573023 prime?
False
Is 98759303 a composite number?
True
Is 427825511 prime?
True
Is 10970227753 a prime number?
True
Is 685263479 a prime number?
True
Is 3169320559 prime?
False
Is 9951750797 prime?
True
Is 720622873 prime?
False
Is 4732685219 a composite number?
True
Is 9640813654 a composite number?
True
Is 109867019 a prime number?
True
Is 1394758033 a composite number?
False
Is 60026415145 a prime number?
False
Is 30311971 prime?
True
Is 884249939 prime?
False
Is 6522083 a composite number?
False
Is 25391212679 a composite number?
True
Is 13506281849 composite?
True
Is 259656437 prime?
True
Is 85862867 prime?
True
Is 24045296443 a prime number